e -11*v + 17*v = 1662. What are the prime factors of v?
277
Let l(x) be the third derivative of x**7/42 + x**4/24 - x**3/6 - 7*x**2. Let n(t) be the first derivative of l(t). What are the prime factors of n(1)?
3, 7
Let s = 6856 + -4765. What are the prime factors of s?
3, 17, 41
Suppose -340 - 236 = -3*o. Suppose -4*h - 6*d + o = -d, -3*h + 163 = -d. List the prime factors of h.
53
Let f(o) = -7*o + 4. Let n(z) = z. Let l(c) = -f(c) - 6*n(c). Let i be l(16). Let h(v) = 2*v - 15. List the prime factors of h(i).
3
Suppose -5*d = -3*p + 3385, 0 = -11*p + 12*p + 4*d - 1134. List the prime factors of p.
2, 5, 113
Let i(d) = 2*d - 3. Let y be i(4). Suppose y*n - 7*n = -48. List the prime factors of n.
2, 3
Let v = 62 + -57. Suppose -324 = -9*p + v*p. What are the prime factors of p?
3
Let y(l) = l. Let c be y(-7). Let a be 220/(-14) - (-2)/c. List the prime factors of -16*((-4)/a - 1).
2, 3
Let w be (123/9 + -3)*3. List the prime factors of -4*-10*68/w.
5, 17
Let c(f) = 57*f**2 - 6*f + 17. What are the prime factors of c(3)?
2
Let f(u) = u. Let r(v) = -5*v. Let w(y) = 6*f(y) + r(y). Suppose 15*q - 19 = 206. List the prime factors of w(q).
3, 5
Let q(h) = -247*h**3 + h**2 + h - 1. What are the prime factors of q(-2)?
3, 659
Let t(k) be the first derivative of -k**4/4 + k**3/3 - k**2/2 + 16*k - 5. List the prime factors of t(0).
2
Let x(o) = -61*o**2 + 60*o**2 - 9*o + 1 + 4. Let p be x(-10). What are the prime factors of (2/p)/(2/(-110))?
2, 11
Let d be (-304)/24*(-23 + -1). Suppose 0 = -5*k + 3*m + 211, 5*k - 2*m - d = -95. What are the prime factors of k?
41
Let h(i) = i**2 - 2. Let s be h(-8). Let p = s + -44. Suppose -b - 4*c = -9*c - p, -5*b + 4*c + 132 = 0. What are the prime factors of b?
2, 7
Suppose -8*o + 1728 = -0*o. What are the prime factors of o?
2, 3
Let f(c) = 2*c**3 - 36*c**2 + 35. Let i be f(18). Suppose -3*b - 3 = 12. What are the prime factors of i + (-3)/(b + 2)?
2, 3
Suppose 13*p - 18*p + 395 = 0. List the prime factors of p.
79
Let u(t) = 17*t**2 - 28*t - 6. List the prime factors of u(5).
3, 31
Suppose -s + 5 = -0*s, -4*s - 935 = -c. List the prime factors of c.
5, 191
Let p = 2559 + -1361. List the prime factors of p.
2, 599
Let f(d) = -4*d**3 - 7*d**2 - 11*d. List the prime factors of f(-6).
2, 3, 113
Let z(f) = 65*f + 6. Let u be z(3). Suppose 0 = 3*v - 6*v + u. What are the prime factors of v?
67
Let p(h) = h**3 + 18*h**2 - h - 16. Let i be p(-18). Let m(n) = -5*n + 55 - 2*n + i*n - 72. List the prime factors of m(-12).
43
Let b be 3*16/36*(13 - -2). List the prime factors of (b/6)/(1*(-1)/(-3)).
2, 5
Suppose -7*q - 250 = -3*q + 2*x, -3*q + 5*x - 155 = 0. Let u be (12/q)/((-2)/20). Suppose -u*n = n - 33. List the prime factors of n.
11
Suppose -p = o - 2, 7*o - 4*o = 5*p - 10. Suppose -s - 4*s + 485 = -2*i, 2*s - 3*i - 194 = o. What are the prime factors of s?
97
Suppose -4*h - 3*t = -3430, 0 = -7*h + 3*h - t + 3426. Suppose -h - 536 = -6*x. What are the prime factors of x?
2, 29
Suppose 0 = -3*h + 9 + 9. Let a(c) = 2*c**2 - 8*c + 2. Let m be a(h). Let n = m + 5. List the prime factors of n.
31
Let s be (1/((-3)/(-3)))/(4/(-284)). Let m = s + 140. What are the prime factors of m?
3, 23
Let m(g) = 0*g + 2*g + 8 + 4*g**2 - g**3 - 4 + 0. Let q be m(4). Suppose -4*y = -2*b - 166, -3*y + 3*b = -q - 114. What are the prime factors of y?
41
List the prime factors of (-76095)/890*(0 - 40/6).
2, 3, 5, 19
Suppose 0 = 5*k - 10, p + 9 = -2*p - 3*k. Let s be 9 - (-2 - p) - 3. Suppose 5*b - 190 = -s*j + 4*j, -b - 3*j = -38. What are the prime factors of b?
2, 19
Let a be 145 - (-3 + 0) - -2. Suppose 4*h - 348 = -4*d, 2*h = -0*h + 4*d + a. List the prime factors of 14/(-21) - h/(-3).
3
List the prime factors of (-427479)/(-113)*(5/3 + -1).
2, 13, 97
Suppose 155*p - 121*p - 98634 = 0. List the prime factors of p.
3, 967
Suppose -3*a - 11*g + 15*g = -2544, 4*a - g - 3405 = 0. What are the prime factors of a?
2, 3, 71
Let a = -17 - -26. Let g = a - 7. Suppose g*n = 21 - 3. List the prime factors of n.
3
List the prime factors of (-3 - (-42)/9)*492.
2, 5, 41
Suppose 3*n = 2*v + 7906, -4*v + 7*v = 3*n - 7905. What are the prime factors of n?
2, 659
Suppose b + 5*r - 2 = -b, -3 = -3*b + 2*r. Let f(a) = 54*a - 1. What are the prime factors of f(b)?
53
Suppose 4*b + 190 = -414. Let m = b - -259. What are the prime factors of m?
2, 3
Let d(x) = 4*x + 4. Suppose -3*a + 269 = 35. Let g be a/(-65)*40/(-6). What are the prime factors of d(g)?
2, 3
Suppose 5*x = v + 40, 2*x = 2*v - 0*v + 8. Let c = -17 + 10. Let k = c + x. List the prime factors of k.
2
Let l(y) = -160*y - 84. List the prime factors of l(-2).
2, 59
Let h(t) = t**3 - 2*t**2 + t + 4. Let a be h(0). Suppose 0 = -2*s - 3*s - 3*g + 217, 0 = -s - a*g + 57. List the prime factors of s.
41
Suppose 9 = f + 2*f, -4*f = o - 88. Let m = -38 + o. List the prime factors of m.
2, 19
Let f be 46/(-2) + (-2)/(-2). Suppose 4*s + 228 = 4*n, 4*s - 85 + 293 = -n. Let r = f - s. What are the prime factors of r?
31
Let z = -2299 + 4641. List the prime factors of z.
2, 1171
Let h(t) = 7*t**2 - 2*t - 1. Let r(k) = -k**2 + 4*k + 4. Let o be r(5). Let d be h(o). List the prime factors of (-75)/(-3) + d/(-4).
23
Suppose -4*b + 15 = -5. Suppose -4*q - 2*g + 204 = -0*g, -b*g + 69 = q. Suppose 3*t = -2*h + q, 2*t = 3*h - 65 - 2. What are the prime factors of h?
23
Suppose 0 = -22*r + 41868 + 30336. List the prime factors of r.
2, 3, 547
Let v(b) = 8*b**2 - 41*b + 1. What are the prime factors of v(8)?
5, 37
Let z(u) = u**3 - 12*u**2 - 11*u + 13. Let f(g) = 2*g**2 - 16*g - 5. Let o be f(9). What are the prime factors of z(o)?
3, 13
Let c = 41 + -43. What are the prime factors of 42*(-4 - 11/c)?
3, 7
Suppose 2484 = 34*y - 88*y. Suppose -368 = 4*c + 5*x, 2*x - 39 = -2*c - 221. Let o = y - c. List the prime factors of o.
41
Let s(z) = 14*z**2 + 8*z + 37. What are the prime factors of s(-9)?
7, 157
Let o be ((-204)/14)/(1/14). Let j = 314 + o. Suppose -5*a - 4*f + 0*f = -j, -4*a + 5*f + 47 = 0. What are the prime factors of a?
2, 3
Let w be -1 - -1 - (-68)/2. Suppose -7*l = -2*l. Suppose 0 = -l*i - 2*i + w. List the prime factors of i.
17
Suppose 3436 = 4*g - 4*j, -2*j = -18*g + 23*g - 4295. What are the prime factors of g?
859
Let u(y) = y**2 + 4*y - 29. List the prime factors of u(12).
163
Let c(t) = 0 - 6 + 3 + 5*t + 1. Let b be c(-2). Let v(u) = -u - 2. List the prime factors of v(b).
2, 5
Let u = 7 + -7. Suppose u = 5*l, -5*o + 6*l + 125 = 4*l. List the prime factors of o.
5
Suppose 0 = 2*m - 2*w - 14, 8 = -m - w + 5*w. Let i(a) = 0 - a - m + 5*a + 6. List the prime factors of i(3).
2, 3
Let p(m) = 7*m**2 - 4*m - 10. List the prime factors of p(-8).
2, 5, 47
Let m be (8 - 9)/(1/(-151)). Suppose -5*q = y - 698 - 0, q - m = -4*y. What are the prime factors of q?
139
Let j = 388 + -285. List the prime factors of j.
103
Let l(z) = -91*z. Let c(g) = -10*g. Let d(j) = 28*c(j) - 3*l(j). Suppose -15*o - 12 = -12*o. List the prime factors of d(o).
2, 7
Suppose y = 24*y - 41768. What are the prime factors of y?
2, 227
Suppose 4*z = -v - 36 - 19, -z = 4*v + 205. Let w = 59 + v. List the prime factors of w.
2
List the prime factors of 41308/14 + 21/49.
13, 227
Suppose -3*k = 2*k + w - 71, 5*k - 5*w = 95. List the prime factors of 0 + ((-12)/14)/(k/(-630)).
2, 3
Suppose l + 4*x = -7, -5*l + 0*x = -3*x - 34. Let o(m) = -m**2 + 10*m - 21. What are the prime factors of o(l)?
2
Let p = 193 - 72. Let r = p + -48. List the prime factors of r.
73
Let z(k) = -963*k**3 - 2*k**2 - 8*k - 6. What are the prime factors of z(-1)?
3, 107
Let x(y) = 15*y**3 + 5*y**2 + 38*y - 160. List the prime factors of x(6).
2, 109
Suppose -3*w - 15 = 0, 2*w - 246 = -c + 89. What are the prime factors of c?
3, 5, 23
Suppose 7*x = 1927 - 240. What are the prime factors of x?
241
Suppose 0 = 14*y + 11 + 1669. What are the prime factors of (18/5)/((-4)/y)?
2, 3
Suppose -2287 = -6*b - 391. List the prime factors of b.
2, 79
List the prime factors of 4/(-54) - 463610/(-270).
17, 101
Let z(t) = -t**3 - 12*t**2 - t - 26. Let f be z(-12). List the prime factors of (3 - 1362/f) + (-6)/21.
2, 5
Let n(y) be the first derivative of 8*y**3/3 - 4*y**2 + 7*y + 13. List the prime factors of n(3).
5, 11
Let m = 155 + -8. List the prime factors of 2/(-7) - (-10920)/m.
2